{"id":1481,"date":"2024-05-29T17:51:46","date_gmt":"2024-05-29T15:51:46","guid":{"rendered":"http:\/\/menuiserie-alc.fr\/?page_id=1481"},"modified":"2024-05-31T18:44:28","modified_gmt":"2024-05-31T16:44:28","slug":"dechet-et-climat","status":"publish","type":"page","link":"https:\/\/menuiserie-alc.fr\/index.php\/dechet-et-climat\/","title":{"rendered":"Changement climatique : le r\u00f4le cl\u00e9 de la gestion des d\u00e9chets"},"content":{"rendered":"\r\n<div class=\"wp-block-columns is-layout-flex wp-container-core-columns-is-layout-1 wp-block-columns-is-layout-flex\">\r\n<div class=\"wp-block-column is-layout-flow wp-block-column-is-layout-flow\" style=\"flex-basis: 100%;\">\r\n<div class=\"wp-block-group alignfull has-background\" style=\"background-color: #c5ded3; padding: 6vw;\"><div class=\"wp-block-group__inner-container is-layout-constrained wp-block-group-is-layout-constrained\">\r\n<div class=\"wp-block-group is-vertical is-nowrap is-layout-flex wp-container-core-group-is-layout-1 wp-block-group-is-layout-flex\" style=\"padding-right: 0; padding-left: 0;\">\r\n<h6 id=\"ecosystem\" class=\"wp-block-heading has-text-color\" style=\"color: #000000; font-size: 16px;\">\u00c9COSYST\u00c8ME<\/h6>\r\n\r\n\r\n\r\n<p class=\"has-text-color\" style=\"color: #000000; font-size: 58px; font-style: normal; font-weight: bold; line-height: 0.9; text-decoration: none; text-transform: none;\">Une r\u00e9ponse au changement climatique.<\/p>\r\n\r\n\r\n\r\n<p>&nbsp;<\/p>\r\n\r\n\r\n\r\n<p>&nbsp;<\/p>\r\n<\/div>\r\n\r\n\r\n\r\n<div class=\"wp-block-spacer\" style=\"height: 0px; width: 0px;\" aria-hidden=\"true\">\u00a0<\/div>\r\n\r\n\r\n<div class=\"wp-block-image\">\r\n<figure class=\"alignright size-large is-resized\"><img decoding=\"async\" class=\"wp-image-1956\" style=\"width: 330px; height: auto;\" src=\"http:\/\/www.monsoti.fr\/wp-content\/uploads\/2024\/05\/LE-TRI-6-pdf-724x1024.jpg\" alt=\"\" \/><\/figure><\/div>\r\n\r\n\r\n<p>Il est de plus en plus difficile d&rsquo;ignorer l&rsquo;impact de nos d\u00e9chets sur le climat. L&rsquo;impact climatique des d\u00e9chets en France est \u00e9valu\u00e9 \u00e0 environ 4 % des \u00e9missions de gaz \u00e0 effet de serre (GES) d&rsquo;apr\u00e8s le Haut Conseil pour le climat.<\/p>\r\n\r\n\r\n\r\n<p>La gestion des d\u00e9chets de nos activit\u00e9s fait l\u2019objet de sensibilisations r\u00e9guli\u00e8res aupr\u00e8s de nos \u00e9quipes op\u00e9rationnelles. C\u2019est le 3<sup>\u00e8me<\/sup>\u00a0poste d\u2019\u00e9mission de GES (5%).<\/p>\r\n\r\n\r\n\r\n<p>Aucun d\u00e9chets n&rsquo;est laiss\u00e9 sur nos chantiers. 100% de nos d\u00e9chets sont rapport\u00e9s sur le site de Chevilly-Larue pour \u00eatre tri\u00e9s, recycl\u00e9s ou r\u00e9employ\u00e9s.<\/p>\r\n\r\n\r\n\r\n<p><strong>La transition vers une \u00e9conomie circulaire sur nos activit\u00e9s de recyclage des d\u00e9chets est notre objectif num\u00e9ro 1.<br \/>Plusieurs programmes de recyclages sont en place dans l\u2019entreprise.<\/strong>\u00a0\u00a0<\/p>\r\n\r\n\r\n\r\n<ul>\r\n<li><strong>Nous sommes Partenaire Circulaire sur le programme de recyclage TOURNESOL<\/strong><\/li>\r\n<\/ul>\r\n\r\n\r\n\r\n\r\n\r\n\r\n\r\n<ul>\r\n<li><strong>Nous sommes Partenaire Circulaire sur le programme de recyclage REKUPO<\/strong><\/li>\r\n<\/ul>\r\n\r\n\r\n\r\n\r\n\r\n\r\n\r\n\r\n\r\n\r\n\r\n\r\n\r\n\r\n\r\n<p>&nbsp;<\/p>\r\n\r\n\r\n\r\n<p><img decoding=\"async\" class=\"wp-image-1891 alignleft\" style=\"width: 429px; height: auto;\" src=\"http:\/\/www.monsoti.fr\/wp-content\/uploads\/2024\/05\/Consignes-DECHETS-BUREAUX-1-pdf-1024x724.jpg\" alt=\"\" \/><\/p>\r\n\r\n\r\n\r\n<p>L&rsquo;impact climatique des d\u00e9chets ne se limite pas \u00e0 leur seul traitement ; du d\u00e9but \u00e0 leur fin de vie, les produits qui deviennent des d\u00e9chets \u00e9mettent une quantit\u00e9 massive et non n\u00e9gligeable de gaz \u00e0 effet de serre. Plus que le traitement, c&rsquo;est l&rsquo;\u00e9tape de production qui se r\u00e9v\u00e8le la plus \u00e9mettrice &#8211; d&rsquo;o\u00f9 l&rsquo;int\u00e9r\u00eat et la n\u00e9cessit\u00e9 de d\u00e9velopper des logiques de r\u00e9emploi et de r\u00e9paration pour allonger la dur\u00e9e de vie de nos objets et diminuer d&rsquo;autant la pression climatique induite par leur fabrication.<\/p>\r\n<\/div><\/div>\r\n\r\n\r\n\r\n<p style=\"text-align: right;\"><span style=\"color: #000000;\"><em><strong>NOS \u00c9QUIPES CONTRIBUENT \u00c0 CETTE N\u00c9CESSIT\u00c9 D&rsquo;ACHATS ET DE SENSIBILISATIONS RESPONSABLES.\u00a0<\/strong><\/em><\/span><\/p>\r\n<\/div>\r\n<\/div>\r\n\r\n<p>&nbsp;<\/p>\r\n\r\n<p>&nbsp;<\/p>\r\n\r\n<p><!-- \/wp:column --><\/p>\r\n<p><!-- \/wp:columns --><\/p>","protected":false},"excerpt":{"rendered":"<p>\u00c9COSYST\u00c8ME Une r\u00e9ponse au changement climatique. &nbsp; &nbsp; Il est de plus en plus difficile d&rsquo;ignorer l&rsquo;impact de nos d\u00e9chets sur le climat. L&rsquo;impact climatique des d\u00e9chets en France est \u00e9valu\u00e9 \u00e0 environ 4 % des \u00e9missions de gaz \u00e0 effet de serre (GES) d&rsquo;apr\u00e8s le Haut Conseil pour le climat. La gestion des d\u00e9chets<\/p><\/div>\n<div class=\"blog-btn\"><a href=\"https:\/\/menuiserie-alc.fr\/index.php\/dechet-et-climat\/\" class=\"home-blog-btn\">Lire la suite<\/a><\/p>\n","protected":false},"author":1,"featured_media":0,"parent":0,"menu_order":0,"comment_status":"closed","ping_status":"closed","template":"template\/template-page-full-width.php","meta":{"footnotes":""},"_links":{"self":[{"href":"https:\/\/menuiserie-alc.fr\/index.php\/wp-json\/wp\/v2\/pages\/1481"}],"collection":[{"href":"https:\/\/menuiserie-alc.fr\/index.php\/wp-json\/wp\/v2\/pages"}],"about":[{"href":"https:\/\/menuiserie-alc.fr\/index.php\/wp-json\/wp\/v2\/types\/page"}],"author":[{"embeddable":true,"href":"https:\/\/menuiserie-alc.fr\/index.php\/wp-json\/wp\/v2\/users\/1"}],"replies":[{"embeddable":true,"href":"https:\/\/menuiserie-alc.fr\/index.php\/wp-json\/wp\/v2\/comments?post=1481"}],"version-history":[{"count":25,"href":"https:\/\/menuiserie-alc.fr\/index.php\/wp-json\/wp\/v2\/pages\/1481\/revisions"}],"predecessor-version":[{"id":1591,"href":"https:\/\/menuiserie-alc.fr\/index.php\/wp-json\/wp\/v2\/pages\/1481\/revisions\/1591"}],"wp:attachment":[{"href":"https:\/\/menuiserie-alc.fr\/index.php\/wp-json\/wp\/v2\/media?parent=1481"}],"curies":[{"name":"wp","href":"https:\/\/api.w.org\/{rel}","templated":true}]}}

Changement climatique : le rôle clé de la gestion des déchets

<div class="wp-block-columns is-layout-flex wp-container-core-columns-is-layout-1 wp-block-columns-is-layout-flex">
<div class="wp-block-column is-layout-flow wp-block-column-is-layout-flow" style="flex-basis: 100%;">
<div class="wp-block-group alignfull has-background" style="background-color: #c5ded3; padding: 6vw;"><div class="wp-block-group__inner-container is-layout-constrained wp-block-group-is-layout-constrained">
<div class="wp-block-group is-vertical is-nowrap is-layout-flex wp-container-core-group-is-layout-1 wp-block-group-is-layout-flex" style="padding-right: 0; padding-left: 0;">
<h6 id="ecosystem" class="wp-block-heading has-text-color" style="color: #000000; font-size: 16px;">ÉCOSYSTÈME</h6>



<p class="has-text-color" style="color: #000000; font-size: 58px; font-style: normal; font-weight: bold; line-height: 0.9; text-decoration: none; text-transform: none;">Une réponse au changement climatique.</p>



<p>&nbsp;</p>



<p>&nbsp;</p>
</div>



<div class="wp-block-spacer" style="height: 0px; width: 0px;" aria-hidden="true"> </div>


<div class="wp-block-image">
<figure class="alignright size-large is-resized"><img decoding="async" class="wp-image-1956" style="width: 330px; height: auto;" src="http://www.monsoti.fr/wp-content/uploads/2024/05/LE-TRI-6-pdf-724x1024.jpg" alt="" /></figure></div>


<p>Il est de plus en plus difficile d&rsquo;ignorer l&rsquo;impact de nos déchets sur le climat. L&rsquo;impact climatique des déchets en France est évalué à environ 4 % des émissions de gaz à effet de serre (GES) d&rsquo;après le Haut Conseil pour le climat.</p>



<p>La gestion des déchets de nos activités fait l’objet de sensibilisations régulières auprès de nos équipes opérationnelles. C’est le 3<sup>ème</sup> poste d’émission de GES (5%).</p>



<p>Aucun déchets n&rsquo;est laissé sur nos chantiers. 100% de nos déchets sont rapportés sur le site de Chevilly-Larue pour être triés, recyclés ou réemployés.</p>



<p><strong>La transition vers une économie circulaire sur nos activités de recyclage des déchets est notre objectif numéro 1.<br />Plusieurs programmes de recyclages sont en place dans l’entreprise.</strong>  </p>



<ul>
<li><strong>Nous sommes Partenaire Circulaire sur le programme de recyclage TOURNESOL</strong></li>
</ul>







<ul>
<li><strong>Nous sommes Partenaire Circulaire sur le programme de recyclage REKUPO</strong></li>
</ul>















<p>&nbsp;</p>



<p><img decoding="async" class="wp-image-1891 alignleft" style="width: 429px; height: auto;" src="http://www.monsoti.fr/wp-content/uploads/2024/05/Consignes-DECHETS-BUREAUX-1-pdf-1024x724.jpg" alt="" /></p>



<p>L&rsquo;impact climatique des déchets ne se limite pas à leur seul traitement ; du début à leur fin de vie, les produits qui deviennent des déchets émettent une quantité massive et non négligeable de gaz à effet de serre. Plus que le traitement, c&rsquo;est l&rsquo;étape de production qui se révèle la plus émettrice &#8211; d&rsquo;où l&rsquo;intérêt et la nécessité de développer des logiques de réemploi et de réparation pour allonger la durée de vie de nos objets et diminuer d&rsquo;autant la pression climatique induite par leur fabrication.</p>
</div></div>



<p style="text-align: right;"><span style="color: #000000;"><em><strong>NOS ÉQUIPES CONTRIBUENT À CETTE NÉCESSITÉ D&rsquo;ACHATS ET DE SENSIBILISATIONS RESPONSABLES. </strong></em></span></p>
</div>
</div>

<p>&nbsp;</p>

<p>&nbsp;</p>

<p><!-- /wp:column --></p>
<p><!-- /wp:columns --></p>

<p>ÉCOSYSTÈME Une réponse au changement climatique. &nbsp; &nbsp; Il est de plus en plus difficile d&rsquo;ignorer l&rsquo;impact de nos déchets sur le climat. L&rsquo;impact climatique des déchets en France est évalué à environ 4 % des émissions de gaz à effet de serre (GES) d&rsquo;après le Haut Conseil pour le climat. La gestion des déchets</p></div>
<div class="blog-btn"><a href="https://menuiserie-alc.fr/index.php/dechet-et-climat/" class="home-blog-btn">Lire la suite</a></p>
