{"id":118,"date":"2018-11-22T15:18:50","date_gmt":"2018-11-22T14:18:50","guid":{"rendered":"http:\/\/menuiserie-alc.fr\/?page_id=118"},"modified":"2025-04-25T14:19:03","modified_gmt":"2025-04-25T12:19:03","slug":"nos-certifications","status":"publish","type":"page","link":"https:\/\/menuiserie-alc.fr\/index.php\/nos-certifications\/","title":{"rendered":"Pour la meilleure qualit\u00e9 de nos interventions"},"content":{"rendered":"\r\n<div class=\"wp-block-group alignfull has-background\" style=\"background-color: #f5eac1; padding: 6vw;\">\r\n<ul>\r\n<li style=\"font-style: normal; font-weight: 400;\">\r\n<h6><strong><span style=\"font-size: revert;\">Nous disposons des qualifications professionnelles d\u00e9livr\u00e9es par QUALIBAT. <\/span><\/strong><\/h6>\r\n<\/li>\r\n\r\n\r\n\r\n<li style=\"font-style: normal; font-weight: 400;\">\r\n<h6><span style=\"font-size: revert; font-weight: revert;\">Nous sommes certifi\u00e9s\u00a0<\/span><strong style=\"font-size: revert;\">Qualibat RGE \u00ab Reconnu Garant de l\u2019Environnement \u00bb.<\/strong><\/h6>\r\n<\/li>\r\n\r\n\r\n\r\n<li style=\"font-style: normal; font-weight: 400;\">\r\n<h6><strong>Notre Syst\u00e8me de Management est certifi\u00e9 ISO 9001, <\/strong>qui \u00e9tablit les exigences relatives \u00e0 un Syst\u00e8me de Management de la Qualit\u00e9 (SMQ) et am\u00e9liore en permanence la satisfaction de nos clients.\u00a0<\/h6>\r\n<\/li>\r\n\r\n\r\n\r\n<li style=\"font-style: normal; font-weight: 400;\">\r\n<h6><strong>Notre Syst\u00e8me de Management est \u00e9galement certifi\u00e9 ISO 14001<\/strong>, qui \u00e9tablit les exigences relatives \u00e0 un Syst\u00e8me de Management Environnemental (SME).<\/h6>\r\n<\/li>\r\n\r\n\r\n\r\n<li style=\"font-style: normal; font-weight: 400;\">\r\n<h6><strong>ALC Menuiserie est labellis\u00e9 Engag\u00e9 RSE au niveau Exemplaire par Afnor Certification. Nous sommes l\u2019une des premi\u00e8res entreprises fran\u00e7aises labellis\u00e9es <a href=\"https:\/\/menuiserie-alc.fr\/index.php\/engage-rse-exemplaire-2\/\" data-type=\"page\" data-id=\"2249\">\u00ab\u00a0Engag\u00e9 RSE\u00a0\u00bb et \u00ab\u00a0Responsability Europe\u00a0\u00bb au niveau Exemplaire<\/a>, le plus haut niveau de ce label, dans notre domaine d\u2019activit\u00e9. Conscients de l\u2019enjeu climatique et des objectifs de D\u00e9veloppement Durable promis par l\u2019ONU pour l\u2019agenda 2030, nous attestons de la maturit\u00e9 et la performance de notre syst\u00e8me de management pour r\u00e9pondre aux enjeux de demain et anticiper d\u00e8s aujourd\u2019hui l\u2019arriv\u00e9e de nos m\u00e9tiers bas carbone<\/strong><span style=\"color: #333333;\">. <br \/><\/span><span style=\"color: #333333;\">Nous sommes \u00e9galement tr\u00e8s attach\u00e9s \u00e0 suivre notre <strong>Charte d\u2019Engagement RSE<\/strong> : <\/span><strong><a href=\"https:\/\/menuiserie-alc.fr\/wp-content\/uploads\/2025\/04\/Charte-dengagement-2025.pdf\">Charte d&rsquo;engagement 2025<\/a><\/strong><\/h6>\r\n<\/li>\r\n<li style=\"font-style: normal; font-weight: 400;\">\r\n<h6><em style=\"font-size: 20px;\"><strong>EN PARTENARIAT AVEC LES BAILLEURS SOCIAUX : ELOGIE\/SIEMP, RIVP, PARIS HABITAT\u2026 NOUS PARTICIPONS REGULIEREMENT A DES CAMPAGNES DE VALIDATION DE NOS MODES OPERATOIRES\u00a0<\/strong><\/em><\/h6>\r\n<\/li>\r\n<!-- \/wp:list-item -->\r\n\r\n<!-- wp:list-item {\"style\":{\"typography\":{\"fontStyle\":\"normal\",\"fontWeight\":\"400\"}}} --><\/ul>\r\n<\/div>\r\n<!-- \/wp:paragraph -->\r\n\r\n<!-- wp:paragraph --><!-- \/wp:paragraph -->\r\n\r\n<!-- wp:embed {\"url\":\"https:\/\/www.youtube.com\/watch?v=cXWQe0CW6gs\\u0026feature=youtu.be\",\"type\":\"video\",\"providerNameSlug\":\"youtube\",\"responsive\":true,\"className\":\"wp-embed-aspect-16-9 wp-has-aspect-ratio\"} -->\r\n<figure class=\"wp-block-embed is-type-video is-provider-youtube wp-block-embed-youtube wp-embed-aspect-16-9 wp-has-aspect-ratio\"><\/figure>\r\n<!-- \/wp:embed -->","protected":false},"excerpt":{"rendered":"<p>Nous disposons des qualifications professionnelles d\u00e9livr\u00e9es par QUALIBAT. EN PARTENARIAT AVEC LES BAILLEURS SOCIAUX : ELOGIE\/SIEMP, RIVP, PARIS HABITAT\u2026 NOUS PARTICIPONS REGULIEREMENT A DES CAMPAGNES DE VALIDATION DE NOS MODES OPERATOIRES\u00a0<\/p>\n","protected":false},"author":1,"featured_media":1602,"parent":0,"menu_order":0,"comment_status":"closed","ping_status":"closed","template":"template\/template-page-full-width.php","meta":{"footnotes":""},"_links":{"self":[{"href":"https:\/\/menuiserie-alc.fr\/index.php\/wp-json\/wp\/v2\/pages\/118"}],"collection":[{"href":"https:\/\/menuiserie-alc.fr\/index.php\/wp-json\/wp\/v2\/pages"}],"about":[{"href":"https:\/\/menuiserie-alc.fr\/index.php\/wp-json\/wp\/v2\/types\/page"}],"author":[{"embeddable":true,"href":"https:\/\/menuiserie-alc.fr\/index.php\/wp-json\/wp\/v2\/users\/1"}],"replies":[{"embeddable":true,"href":"https:\/\/menuiserie-alc.fr\/index.php\/wp-json\/wp\/v2\/comments?post=118"}],"version-history":[{"count":61,"href":"https:\/\/menuiserie-alc.fr\/index.php\/wp-json\/wp\/v2\/pages\/118\/revisions"}],"predecessor-version":[{"id":1652,"href":"https:\/\/menuiserie-alc.fr\/index.php\/wp-json\/wp\/v2\/pages\/118\/revisions\/1652"}],"wp:featuredmedia":[{"embeddable":true,"href":"https:\/\/menuiserie-alc.fr\/index.php\/wp-json\/wp\/v2\/media\/1602"}],"wp:attachment":[{"href":"https:\/\/menuiserie-alc.fr\/index.php\/wp-json\/wp\/v2\/media?parent=118"}],"curies":[{"name":"wp","href":"https:\/\/api.w.org\/{rel}","templated":true}]}}